{"id":3693,"date":"2024-11-19T23:36:45","date_gmt":"2024-11-19T22:36:45","guid":{"rendered":"https:\/\/www.jcssterraplanagenslda.pt\/?page_id=3693"},"modified":"2024-11-19T23:36:45","modified_gmt":"2024-11-19T22:36:45","slug":"cliente-aplauso-2024","status":"publish","type":"page","link":"https:\/\/www.jcssterraplanagenslda.pt\/?page_id=3693","title":{"rendered":"Cliente Aplauso 2024"},"content":{"rendered":"<h3><\/h3>\n<h3>Cliente Aplauso 2024<\/h3>\n<div class=\"su-row\"><div class=\"su-column su-column-size-1-2\"><div class=\"su-column-inner su-u-clearfix su-u-trim\">\n<p style=\"text-align: justify;\"><span style=\"color: #993300;\"><strong>19 de Novembro de 2024<\/strong><\/span><\/p>\n<p style=\"text-align: justify;\">Em 2024 voltamos a ser premiados com o estatuto de \u201cCLIENTE APLAUSO\u201d atribu\u00eddo pelo Millennium BCP.<\/p>\n<p style=\"text-align: justify;\">&#8220;Ser Aplauso Empresas, \u00e9 ter acesso a um conjunto de benef\u00edcios e parcerias \u00fanicas e exclusivas, que simbolizam o compromisso e aposta do Millennium para com os seus melhores Clientes Empresariais&#8221;<\/p>\n<p style=\"text-align: justify;\">Aplaudimos os empreendedores portugueses!<br \/>\n<\/div><\/div> <div class=\"su-column su-column-size-1-2\"><div class=\"su-column-inner su-u-clearfix su-u-trim\"><img loading=\"lazy\" decoding=\"async\" class=\"alignleft size-full wp-image-3695\" src=\"http:\/\/www.jcssterraplanagenslda.pt\/wp-content\/uploads\/2024\/11\/aplauso_2024.jpg\" alt=\"\" width=\"1040\" height=\"732\" srcset=\"https:\/\/www.jcssterraplanagenslda.pt\/wp-content\/uploads\/2024\/11\/aplauso_2024.jpg 1040w, https:\/\/www.jcssterraplanagenslda.pt\/wp-content\/uploads\/2024\/11\/aplauso_2024-300x211.jpg 300w, https:\/\/www.jcssterraplanagenslda.pt\/wp-content\/uploads\/2024\/11\/aplauso_2024-1024x721.jpg 1024w, https:\/\/www.jcssterraplanagenslda.pt\/wp-content\/uploads\/2024\/11\/aplauso_2024-768x541.jpg 768w\" sizes=\"auto, (max-width: 1040px) 100vw, 1040px\" \/><br \/>\n<\/div><\/div><\/div>\n","protected":false},"excerpt":{"rendered":"<p>Em 2024 voltamos a ser premiados com o estatuto de \u201cCLIENTE APLAUSO\u201d atribu\u00eddo pelo Millennium BCP.<\/p>\n","protected":false},"author":1,"featured_media":3694,"parent":0,"menu_order":0,"comment_status":"closed","ping_status":"closed","template":"","meta":{"footnotes":""},"tags":[93],"class_list":["post-3693","page","type-page","status-publish","has-post-thumbnail","hentry","tag-j"],"aioseo_notices":[],"_links":{"self":[{"href":"https:\/\/www.jcssterraplanagenslda.pt\/index.php?rest_route=\/wp\/v2\/pages\/3693","targetHints":{"allow":["GET"]}}],"collection":[{"href":"https:\/\/www.jcssterraplanagenslda.pt\/index.php?rest_route=\/wp\/v2\/pages"}],"about":[{"href":"https:\/\/www.jcssterraplanagenslda.pt\/index.php?rest_route=\/wp\/v2\/types\/page"}],"author":[{"embeddable":true,"href":"https:\/\/www.jcssterraplanagenslda.pt\/index.php?rest_route=\/wp\/v2\/users\/1"}],"replies":[{"embeddable":true,"href":"https:\/\/www.jcssterraplanagenslda.pt\/index.php?rest_route=%2Fwp%2Fv2%2Fcomments&post=3693"}],"version-history":[{"count":1,"href":"https:\/\/www.jcssterraplanagenslda.pt\/index.php?rest_route=\/wp\/v2\/pages\/3693\/revisions"}],"predecessor-version":[{"id":3696,"href":"https:\/\/www.jcssterraplanagenslda.pt\/index.php?rest_route=\/wp\/v2\/pages\/3693\/revisions\/3696"}],"wp:featuredmedia":[{"embeddable":true,"href":"https:\/\/www.jcssterraplanagenslda.pt\/index.php?rest_route=\/wp\/v2\/media\/3694"}],"wp:attachment":[{"href":"https:\/\/www.jcssterraplanagenslda.pt\/index.php?rest_route=%2Fwp%2Fv2%2Fmedia&parent=3693"}],"wp:term":[{"taxonomy":"post_tag","embeddable":true,"href":"https:\/\/www.jcssterraplanagenslda.pt\/index.php?rest_route=%2Fwp%2Fv2%2Ftags&post=3693"}],"curies":[{"name":"wp","href":"https:\/\/api.w.org\/{rel}","templated":true}]}}