{"id":3489,"date":"2023-01-10T22:06:03","date_gmt":"2023-01-10T21:06:03","guid":{"rendered":"http:\/\/www.jcssterraplanagenslda.pt\/?page_id=3489"},"modified":"2023-01-10T22:06:03","modified_gmt":"2023-01-10T21:06:03","slug":"cliente-aplauso-2023","status":"publish","type":"page","link":"https:\/\/www.jcssterraplanagenslda.pt\/?page_id=3489","title":{"rendered":"Cliente Aplauso 2023"},"content":{"rendered":"<h3><\/h3>\n<h3>Cliente Aplauso 2023<\/h3>\n<div class=\"su-row\"><div class=\"su-column su-column-size-1-2\"><div class=\"su-column-inner su-u-clearfix su-u-trim\">\n<p style=\"text-align: justify;\"><span style=\"color: #993300;\"><strong>3 de Janeiro de 2023<\/strong><\/span><\/p>\n<p style=\"text-align: justify;\">Em 2023 voltamos a ser premiados com o estatuto de \u201cCLIENTE APLAUSO\u201d atribu\u00eddo pelo Millennium BCP.<\/p>\n<p style=\"text-align: justify;\">&#8220;Ser Aplauso Empresas, \u00e9 ter acesso a um conjunto de benef\u00edcios e parcerias \u00fanicas e exclusivas, que simbolizam o compromisso e aposta do Millennium para com os seus melhores Clientes Empresariais&#8221;<\/p>\n<p style=\"text-align: justify;\">Aplaudimos os empreendedores portugueses!<br \/>\n<\/div><\/div> <div class=\"su-column su-column-size-1-2\"><div class=\"su-column-inner su-u-clearfix su-u-trim\"><a href=\"http:\/\/www.jcssterraplanagenslda.pt\/wp-content\/uploads\/2023\/01\/aplauso_23.jpg\"><img loading=\"lazy\" decoding=\"async\" class=\"alignnone wp-image-3490 size-full\" src=\"http:\/\/www.jcssterraplanagenslda.pt\/wp-content\/uploads\/2023\/01\/aplauso_23.jpg\" alt=\"\" width=\"650\" height=\"428\" srcset=\"https:\/\/www.jcssterraplanagenslda.pt\/wp-content\/uploads\/2023\/01\/aplauso_23.jpg 650w, https:\/\/www.jcssterraplanagenslda.pt\/wp-content\/uploads\/2023\/01\/aplauso_23-300x198.jpg 300w\" sizes=\"auto, (max-width: 650px) 100vw, 650px\" \/><\/a><br \/>\n<\/div><\/div><\/div>\n","protected":false},"excerpt":{"rendered":"<p>Em 2023 voltamos a ser premiados com o estatuto de \u201cCLIENTE APLAUSO\u201d atribu\u00eddo pelo Millennium BCP.<\/p>\n","protected":false},"author":1,"featured_media":3490,"parent":0,"menu_order":0,"comment_status":"closed","ping_status":"closed","template":"","meta":{"footnotes":""},"tags":[93],"class_list":["post-3489","page","type-page","status-publish","has-post-thumbnail","hentry","tag-j"],"aioseo_notices":[],"_links":{"self":[{"href":"https:\/\/www.jcssterraplanagenslda.pt\/index.php?rest_route=\/wp\/v2\/pages\/3489","targetHints":{"allow":["GET"]}}],"collection":[{"href":"https:\/\/www.jcssterraplanagenslda.pt\/index.php?rest_route=\/wp\/v2\/pages"}],"about":[{"href":"https:\/\/www.jcssterraplanagenslda.pt\/index.php?rest_route=\/wp\/v2\/types\/page"}],"author":[{"embeddable":true,"href":"https:\/\/www.jcssterraplanagenslda.pt\/index.php?rest_route=\/wp\/v2\/users\/1"}],"replies":[{"embeddable":true,"href":"https:\/\/www.jcssterraplanagenslda.pt\/index.php?rest_route=%2Fwp%2Fv2%2Fcomments&post=3489"}],"version-history":[{"count":1,"href":"https:\/\/www.jcssterraplanagenslda.pt\/index.php?rest_route=\/wp\/v2\/pages\/3489\/revisions"}],"predecessor-version":[{"id":3491,"href":"https:\/\/www.jcssterraplanagenslda.pt\/index.php?rest_route=\/wp\/v2\/pages\/3489\/revisions\/3491"}],"wp:featuredmedia":[{"embeddable":true,"href":"https:\/\/www.jcssterraplanagenslda.pt\/index.php?rest_route=\/wp\/v2\/media\/3490"}],"wp:attachment":[{"href":"https:\/\/www.jcssterraplanagenslda.pt\/index.php?rest_route=%2Fwp%2Fv2%2Fmedia&parent=3489"}],"wp:term":[{"taxonomy":"post_tag","embeddable":true,"href":"https:\/\/www.jcssterraplanagenslda.pt\/index.php?rest_route=%2Fwp%2Fv2%2Ftags&post=3489"}],"curies":[{"name":"wp","href":"https:\/\/api.w.org\/{rel}","templated":true}]}}