{"id":2986,"date":"2020-10-21T00:07:16","date_gmt":"2020-10-20T23:07:16","guid":{"rendered":"http:\/\/www.jcssterraplanagenslda.pt\/?page_id=2986"},"modified":"2020-12-08T15:37:31","modified_gmt":"2020-12-08T14:37:31","slug":"obra-adjudicada-ampliacao-parque-de-estacionamento-antigo-quartel-povoa-de-varzim","status":"publish","type":"page","link":"https:\/\/www.jcssterraplanagenslda.pt\/?page_id=2986","title":{"rendered":"Obra Adjudicada: AMPLIA\u00c7\u00c3O PARQUE DE ESTACIONAMENTO ANTIGO QUARTEL &#8211; P\u00f3voa de Varzim"},"content":{"rendered":"<h3><\/h3>\n<h3>Obra Adjudicada: AMPLIA\u00c7\u00c3O PARQUE DE ESTACIONAMENTO ANTIGO QUARTEL &#8211; P\u00f3voa de Varzim<\/h3>\n<div class=\"su-row\"><div class=\"su-column su-column-size-1-2\"><div class=\"su-column-inner su-u-clearfix su-u-trim\">\n<p style=\"text-align: justify;\"><span style=\"color: #993300;\"><strong>21 de Outubro de 2020<\/strong><\/span><\/p>\n<div class=\"h_30h1wb8n3 o_30h1wf6sk clearfix\">\n<div class=\"clearfix j_30h1wbac4\">\n<div class=\"clearfix _42ef\">\n<div class=\"h_30h1wbac3\">\n<div class=\"_6a _5u5j\">\n<div class=\"_6a _5u5j _6b\">\n<div id=\"feed_subtitle_124890244281526;1393692890734582;;9\" class=\"_5pcp _5lel _2jyu _232_\" data-testid=\"story-subtitle\">\n<p style=\"text-align: justify;\">&#8220;A capacidade de estacionamento de autom\u00f3veis vai duplicar no atual parque do antigo quartel da P\u00f3voa, com a constru\u00e7\u00e3o de um piso superior, numa obra que a C\u00e2mara ir\u00e1 realizar durante o ano de 2020.<\/p>\n<p style=\"text-align: justify;\">A obra de amplia\u00e7\u00e3o do parque dever\u00e1 estar conclu\u00edda num prazo de 8 meses e vai custar ao munic\u00edpio 750 mil euros, transformando o equipamento em dois pisos (r\u00e9s do ch\u00e3o e piso superior) que ficar\u00e1 com a capacidade total para 430 ve\u00edculos.<\/p>\n<p style=\"text-align: justify;\">Ap\u00f3s a constru\u00e7\u00e3o, o parque ir\u00e1 funcionar num modelo de low cost (baixos custos) com os pre\u00e7os a variarem entre os 25 e os 40 euros mensais, dependendo do hor\u00e1rio de utiliza\u00e7\u00e3o. O valor hora rondar\u00e1 os 40 c\u00eantimos, tarif\u00e1rio id\u00eantico ao que \u00e9 praticado no parque localizado em frente \u00e0 Bas\u00edlica do Sagrado Cora\u00e7\u00e3o de Jesus, onde permaneceu durante d\u00e9cadas a antiga f\u00e1brica do Quintas.<\/p>\n<p style=\"text-align: justify;\">Esta foi a solu\u00e7\u00e3o apresentada pela autarquia para resolver a quest\u00e3o do estacionamento no Bairro da Matriz ap\u00f3s a interven\u00e7\u00e3o urbana que est\u00e1 em curso e que abrange 17 ruas daquela zona.<\/p>\n<\/div>\n<\/div>\n<\/div>\n<\/div>\n<\/div>\n<\/div>\n<\/div>\n<p style=\"text-align: justify;\">Fonte: Mais Seman\u00e1rio e Camara Municipal da P\u00f3voa de Varzim<\/p>\n<\/div><\/div><div class=\"su-column su-column-size-1-2\"><div class=\"su-column-inner su-u-clearfix su-u-trim\"><img loading=\"lazy\" decoding=\"async\" class=\"alignleft size-full wp-image-2987\" src=\"http:\/\/www.jcssterraplanagenslda.pt\/wp-content\/uploads\/2020\/11\/122114706_3096224063814781_8185153803950680291_o.jpg\" alt=\"\" width=\"1393\" height=\"929\" srcset=\"https:\/\/www.jcssterraplanagenslda.pt\/wp-content\/uploads\/2020\/11\/122114706_3096224063814781_8185153803950680291_o.jpg 1393w, https:\/\/www.jcssterraplanagenslda.pt\/wp-content\/uploads\/2020\/11\/122114706_3096224063814781_8185153803950680291_o-300x200.jpg 300w, https:\/\/www.jcssterraplanagenslda.pt\/wp-content\/uploads\/2020\/11\/122114706_3096224063814781_8185153803950680291_o-1024x683.jpg 1024w, https:\/\/www.jcssterraplanagenslda.pt\/wp-content\/uploads\/2020\/11\/122114706_3096224063814781_8185153803950680291_o-768x512.jpg 768w\" sizes=\"auto, (max-width: 1393px) 100vw, 1393px\" \/><br \/>\n<\/div><\/div><\/div>\n","protected":false},"excerpt":{"rendered":"<p>&#8220;A capacidade de estacionamento de autom\u00f3veis vai duplicar no atual parque do antigo quartel da P\u00f3voa, com a constru\u00e7\u00e3o de um piso superior, numa obra que a C\u00e2mara ir\u00e1 realizar durante o ano de 2020.<\/p>\n","protected":false},"author":1,"featured_media":2987,"parent":0,"menu_order":0,"comment_status":"closed","ping_status":"closed","template":"","meta":{"footnotes":""},"tags":[81],"class_list":["post-2986","page","type-page","status-publish","has-post-thumbnail","hentry","tag-q"],"aioseo_notices":[],"_links":{"self":[{"href":"https:\/\/www.jcssterraplanagenslda.pt\/index.php?rest_route=\/wp\/v2\/pages\/2986","targetHints":{"allow":["GET"]}}],"collection":[{"href":"https:\/\/www.jcssterraplanagenslda.pt\/index.php?rest_route=\/wp\/v2\/pages"}],"about":[{"href":"https:\/\/www.jcssterraplanagenslda.pt\/index.php?rest_route=\/wp\/v2\/types\/page"}],"author":[{"embeddable":true,"href":"https:\/\/www.jcssterraplanagenslda.pt\/index.php?rest_route=\/wp\/v2\/users\/1"}],"replies":[{"embeddable":true,"href":"https:\/\/www.jcssterraplanagenslda.pt\/index.php?rest_route=%2Fwp%2Fv2%2Fcomments&post=2986"}],"version-history":[{"count":2,"href":"https:\/\/www.jcssterraplanagenslda.pt\/index.php?rest_route=\/wp\/v2\/pages\/2986\/revisions"}],"predecessor-version":[{"id":3001,"href":"https:\/\/www.jcssterraplanagenslda.pt\/index.php?rest_route=\/wp\/v2\/pages\/2986\/revisions\/3001"}],"wp:featuredmedia":[{"embeddable":true,"href":"https:\/\/www.jcssterraplanagenslda.pt\/index.php?rest_route=\/wp\/v2\/media\/2987"}],"wp:attachment":[{"href":"https:\/\/www.jcssterraplanagenslda.pt\/index.php?rest_route=%2Fwp%2Fv2%2Fmedia&parent=2986"}],"wp:term":[{"taxonomy":"post_tag","embeddable":true,"href":"https:\/\/www.jcssterraplanagenslda.pt\/index.php?rest_route=%2Fwp%2Fv2%2Ftags&post=2986"}],"curies":[{"name":"wp","href":"https:\/\/api.w.org\/{rel}","templated":true}]}}