{"id":2803,"date":"2018-05-29T19:16:47","date_gmt":"2018-05-29T18:16:47","guid":{"rendered":"http:\/\/www.jcssterraplanagenslda.pt\/?page_id=2803"},"modified":"2018-05-29T19:16:47","modified_gmt":"2018-05-29T18:16:47","slug":"rgpd","status":"publish","type":"page","link":"https:\/\/www.jcssterraplanagenslda.pt\/?page_id=2803","title":{"rendered":"RGPD"},"content":{"rendered":"<h6><\/h6>\n<h6>RGPD<\/h6>\n<div class=\"su-row\"><div class=\"su-column su-column-size-1-2\"><div class=\"su-column-inner su-u-clearfix su-u-trim\">\n<a href=\"wp-content\/uploads\/2018\/05\/Comunicacao-JCSS.-RGPD.2018.pdf\"><img loading=\"lazy\" decoding=\"async\" class=\"alignleft size-full wp-image-2090\" src=\"wp-content\/uploads\/2015\/04\/pdf1.png\" alt=\"pdf1\" width=\"54\" height=\"55\" srcset=\"https:\/\/www.jcssterraplanagenslda.pt\/wp-content\/uploads\/2015\/04\/pdf1.png 54w, https:\/\/www.jcssterraplanagenslda.pt\/wp-content\/uploads\/2015\/04\/pdf1-45x45.png 45w\" sizes=\"auto, (max-width: 54px) 100vw, 54px\" \/><\/a><a href=\"wp-content\/uploads\/2018\/05\/Comunicacao-JCSS.-RGPD.2018.pdf\" target=\"_blank\" rel=\"noopener\">Pol\u00edtica de privacidade e de prote\u00e7\u00e3o de dados<\/a><br \/>\nDocumento PDF<\/div><\/div><div class=\"su-column su-column-size-1-2\"><div class=\"su-column-inner su-u-clearfix su-u-trim\"><a href=\"wp-content\/uploads\/2018\/05\/Minuta-de-Consentimento.RGPD_.2018.pdf\"><img loading=\"lazy\" decoding=\"async\" class=\"alignleft size-full wp-image-2090\" src=\"wp-content\/uploads\/2015\/04\/pdf1.png\" alt=\"pdf1\" width=\"54\" height=\"55\" srcset=\"https:\/\/www.jcssterraplanagenslda.pt\/wp-content\/uploads\/2015\/04\/pdf1.png 54w, https:\/\/www.jcssterraplanagenslda.pt\/wp-content\/uploads\/2015\/04\/pdf1-45x45.png 45w\" sizes=\"auto, (max-width: 54px) 100vw, 54px\" \/><\/a><a href=\"wp-content\/uploads\/2018\/05\/Minuta-de-Consentimento.RGPD_.2018.pdf\" target=\"_blank\" rel=\"noopener\">Consentimento<\/a><br \/>\nDocumento PDF<br \/>\n<\/div><\/div><\/div>\n","protected":false},"excerpt":{"rendered":"<p>RGPD<\/p>\n","protected":false},"author":1,"featured_media":0,"parent":0,"menu_order":0,"comment_status":"closed","ping_status":"closed","template":"","meta":{"footnotes":""},"tags":[],"class_list":["post-2803","page","type-page","status-publish","hentry"],"aioseo_notices":[],"_links":{"self":[{"href":"https:\/\/www.jcssterraplanagenslda.pt\/index.php?rest_route=\/wp\/v2\/pages\/2803","targetHints":{"allow":["GET"]}}],"collection":[{"href":"https:\/\/www.jcssterraplanagenslda.pt\/index.php?rest_route=\/wp\/v2\/pages"}],"about":[{"href":"https:\/\/www.jcssterraplanagenslda.pt\/index.php?rest_route=\/wp\/v2\/types\/page"}],"author":[{"embeddable":true,"href":"https:\/\/www.jcssterraplanagenslda.pt\/index.php?rest_route=\/wp\/v2\/users\/1"}],"replies":[{"embeddable":true,"href":"https:\/\/www.jcssterraplanagenslda.pt\/index.php?rest_route=%2Fwp%2Fv2%2Fcomments&post=2803"}],"version-history":[{"count":2,"href":"https:\/\/www.jcssterraplanagenslda.pt\/index.php?rest_route=\/wp\/v2\/pages\/2803\/revisions"}],"predecessor-version":[{"id":2805,"href":"https:\/\/www.jcssterraplanagenslda.pt\/index.php?rest_route=\/wp\/v2\/pages\/2803\/revisions\/2805"}],"wp:attachment":[{"href":"https:\/\/www.jcssterraplanagenslda.pt\/index.php?rest_route=%2Fwp%2Fv2%2Fmedia&parent=2803"}],"wp:term":[{"taxonomy":"post_tag","embeddable":true,"href":"https:\/\/www.jcssterraplanagenslda.pt\/index.php?rest_route=%2Fwp%2Fv2%2Ftags&post=2803"}],"curies":[{"name":"wp","href":"https:\/\/api.w.org\/{rel}","templated":true}]}}