{"id":2761,"date":"2018-01-24T00:00:46","date_gmt":"2018-01-23T23:00:46","guid":{"rendered":"http:\/\/www.jcssterraplanagenslda.pt\/?page_id=2761"},"modified":"2018-05-25T22:48:52","modified_gmt":"2018-05-25T21:48:52","slug":"cliente-aplauso-2018","status":"publish","type":"page","link":"https:\/\/www.jcssterraplanagenslda.pt\/?page_id=2761","title":{"rendered":"Cliente Aplauso 2018"},"content":{"rendered":"<h3><\/h3>\n<h3>Cliente Aplauso 2018<\/h3>\n<div class=\"su-row\"><div class=\"su-column su-column-size-1-2\"><div class=\"su-column-inner su-u-clearfix su-u-trim\">\n<p style=\"text-align: justify;\"><span style=\"color: #993300;\"><strong>24 de Janeiro de 2018<\/strong><\/span><\/p>\n<p style=\"text-align: justify;\">Em 2018 voltamos a ser premiados com o estatuto de \u201cCLIENTE APLAUSO\u201d atribu\u00eddo pelo Millennium BCP.<\/p>\n<p style=\"text-align: justify;\">\u201cDo universo de Clientes empresariais, selecionamos aqueles que se destacam pelo seu desempenho econ\u00f3mico, solidez financeira e envolvimento com o Millennium bcp, distinguindo-os com o pr\u00e9mio Programa Cliente Aplauso.<\/p>\n<p style=\"text-align: justify;\">Estas Empresas est\u00e3o entre as melhores do seu segmento, sendo motivo de orgulho para os seus l\u00edderes mas, tamb\u00e9m para n\u00f3s, que as temos como Clientes.\u201d<\/p>\n<p style=\"text-align: justify;\">Aplaudimos os empreendedores portugueses!<br \/>\n<\/div><\/div> <div class=\"su-column su-column-size-1-2\"><div class=\"su-column-inner su-u-clearfix su-u-trim\">\n<img loading=\"lazy\" decoding=\"async\" class=\"aligncenter size-full wp-image-2801\" src=\"http:\/\/www.jcssterraplanagenslda.pt\/wp-content\/uploads\/2018\/01\/Cliente_aplauso_2018.jpg\" alt=\"\" width=\"856\" height=\"604\" srcset=\"https:\/\/www.jcssterraplanagenslda.pt\/wp-content\/uploads\/2018\/01\/Cliente_aplauso_2018.jpg 856w, https:\/\/www.jcssterraplanagenslda.pt\/wp-content\/uploads\/2018\/01\/Cliente_aplauso_2018-300x212.jpg 300w, https:\/\/www.jcssterraplanagenslda.pt\/wp-content\/uploads\/2018\/01\/Cliente_aplauso_2018-768x542.jpg 768w, https:\/\/www.jcssterraplanagenslda.pt\/wp-content\/uploads\/2018\/01\/Cliente_aplauso_2018-500x353.jpg 500w\" sizes=\"auto, (max-width: 856px) 100vw, 856px\" \/><\/div><\/div><\/div>\n","protected":false},"excerpt":{"rendered":"<p>Em 2018 voltamos a ser premiados com o estatuto de \u201cCLIENTE APLAUSO\u201d atribu\u00eddo pelo Millennium BCP.<\/p>\n","protected":false},"author":1,"featured_media":2762,"parent":0,"menu_order":0,"comment_status":"closed","ping_status":"closed","template":"","meta":{"footnotes":""},"tags":[93],"class_list":["post-2761","page","type-page","status-publish","has-post-thumbnail","hentry","tag-j"],"aioseo_notices":[],"_links":{"self":[{"href":"https:\/\/www.jcssterraplanagenslda.pt\/index.php?rest_route=\/wp\/v2\/pages\/2761","targetHints":{"allow":["GET"]}}],"collection":[{"href":"https:\/\/www.jcssterraplanagenslda.pt\/index.php?rest_route=\/wp\/v2\/pages"}],"about":[{"href":"https:\/\/www.jcssterraplanagenslda.pt\/index.php?rest_route=\/wp\/v2\/types\/page"}],"author":[{"embeddable":true,"href":"https:\/\/www.jcssterraplanagenslda.pt\/index.php?rest_route=\/wp\/v2\/users\/1"}],"replies":[{"embeddable":true,"href":"https:\/\/www.jcssterraplanagenslda.pt\/index.php?rest_route=%2Fwp%2Fv2%2Fcomments&post=2761"}],"version-history":[{"count":4,"href":"https:\/\/www.jcssterraplanagenslda.pt\/index.php?rest_route=\/wp\/v2\/pages\/2761\/revisions"}],"predecessor-version":[{"id":2800,"href":"https:\/\/www.jcssterraplanagenslda.pt\/index.php?rest_route=\/wp\/v2\/pages\/2761\/revisions\/2800"}],"wp:featuredmedia":[{"embeddable":true,"href":"https:\/\/www.jcssterraplanagenslda.pt\/index.php?rest_route=\/wp\/v2\/media\/2762"}],"wp:attachment":[{"href":"https:\/\/www.jcssterraplanagenslda.pt\/index.php?rest_route=%2Fwp%2Fv2%2Fmedia&parent=2761"}],"wp:term":[{"taxonomy":"post_tag","embeddable":true,"href":"https:\/\/www.jcssterraplanagenslda.pt\/index.php?rest_route=%2Fwp%2Fv2%2Ftags&post=2761"}],"curies":[{"name":"wp","href":"https:\/\/api.w.org\/{rel}","templated":true}]}}