{"id":2641,"date":"2017-12-24T23:53:59","date_gmt":"2017-12-24T22:53:59","guid":{"rendered":"http:\/\/www.jcssterraplanagenslda.pt\/?page_id=2641"},"modified":"2022-01-31T22:49:06","modified_gmt":"2022-01-31T21:49:06","slug":"qualidade","status":"publish","type":"page","link":"https:\/\/www.jcssterraplanagenslda.pt\/?page_id=2641","title":{"rendered":"Qualidade"},"content":{"rendered":"<div class=\"su-row\"><div class=\"su-column su-column-size-3-5\"><div class=\"su-column-inner su-u-clearfix su-u-trim\">\n<p>&nbsp;<\/p>\n<p><strong>Sistema de gest\u00e3o da Qualidade<\/strong><\/p>\n<p style=\"text-align: justify;\">A JCSS-Terraplanangens, SA tem implementado um sistema de gest\u00e3o da qualidade que possui v\u00e1rios processos para assegurar a conformidade de produtos e servi\u00e7os, assim como a satisfa\u00e7\u00e3o dos clientes.<\/p>\n<p style=\"text-align: justify;\">O sistema de gest\u00e3o da qualidade implementado pela<strong> JCSS &#8211; Jos\u00e9 Carlos Silva Sousa Terraplanagens, SA<\/strong>\u00a0cumpre os requisitos especificados na norma <strong>NP EN\u00a0ISO 9001:2015<\/strong> para a atividade de trabalhos preparativos para a constru\u00e7\u00e3o civil e demoli\u00e7\u00f5es com uso de equipamentos mec\u00e2nicos.<\/p>\n<p>&nbsp;<\/p>\n<p><strong>Vis\u00e3o<\/strong><\/p>\n<p>Empresa sustent\u00e1vel e reconhecida a n\u00edvel nacional<\/p>\n<p><b>Miss\u00e3o<\/b><\/p>\n<p>Desempenho r\u00e1pido e eficaz, satisfazendo as necessidades de cada obra<\/p>\n<p><strong>Valores<\/strong><\/p>\n<ul>\n<li>Rigor<\/li>\n<li>Compet\u00eancia<\/li>\n<li>Profissionalismo<\/li>\n<\/ul>\n<p><b>Pol\u00edtica da qualidade<\/b><\/p>\n<p style=\"text-align: justify;\">A ger\u00eancia, consciente de que o mercado em que se insere \u00e9 cada vez mais exigente e competitivo, considera que a orienta\u00e7\u00e3o dos esfor\u00e7os de todos \u00e9 fundamental para a sustentabilidade e melhoria cont\u00ednua da efic\u00e1cia da organiza\u00e7\u00e3o, assegurando a satisfa\u00e7\u00e3o dos clientes, a produtividade e execu\u00e7\u00e3o do servi\u00e7o \u00e0 primeira, assim como, o cumprimento dos prazos e dos requisitos dos clientes, legais e outros.<\/p>\n<\/div><\/div><div class=\"su-column su-column-size-2-5\"><div class=\"su-column-inner su-u-clearfix su-u-trim\">\n<p><img loading=\"lazy\" decoding=\"async\" class=\"alignleft wp-image-2772 size-full\" src=\"http:\/\/www.jcssterraplanagenslda.pt\/wp-content\/uploads\/2017\/12\/eic-e1519344428901.png\" alt=\"\" width=\"100\" height=\"108\" \/><\/p>\n<p>&nbsp;<\/p>\n<p><img loading=\"lazy\" decoding=\"async\" class=\"alignleft wp-image-3354 size-full\" src=\"http:\/\/www.jcssterraplanagenslda.pt\/wp-content\/uploads\/2022\/01\/JCSS-E-5967-scaled.jpg\" alt=\"\" width=\"1810\" height=\"2560\" srcset=\"https:\/\/www.jcssterraplanagenslda.pt\/wp-content\/uploads\/2022\/01\/JCSS-E-5967-scaled.jpg 1810w, https:\/\/www.jcssterraplanagenslda.pt\/wp-content\/uploads\/2022\/01\/JCSS-E-5967-212x300.jpg 212w, https:\/\/www.jcssterraplanagenslda.pt\/wp-content\/uploads\/2022\/01\/JCSS-E-5967-724x1024.jpg 724w, https:\/\/www.jcssterraplanagenslda.pt\/wp-content\/uploads\/2022\/01\/JCSS-E-5967-768x1086.jpg 768w, https:\/\/www.jcssterraplanagenslda.pt\/wp-content\/uploads\/2022\/01\/JCSS-E-5967-1086x1536.jpg 1086w, https:\/\/www.jcssterraplanagenslda.pt\/wp-content\/uploads\/2022\/01\/JCSS-E-5967-1448x2048.jpg 1448w\" sizes=\"auto, (max-width: 1810px) 100vw, 1810px\" \/><\/div><\/div><\/div>\n","protected":false},"excerpt":{"rendered":"","protected":false},"author":1,"featured_media":3354,"parent":0,"menu_order":0,"comment_status":"closed","ping_status":"closed","template":"","meta":{"footnotes":""},"tags":[],"class_list":["post-2641","page","type-page","status-publish","has-post-thumbnail","hentry"],"aioseo_notices":[],"_links":{"self":[{"href":"https:\/\/www.jcssterraplanagenslda.pt\/index.php?rest_route=\/wp\/v2\/pages\/2641","targetHints":{"allow":["GET"]}}],"collection":[{"href":"https:\/\/www.jcssterraplanagenslda.pt\/index.php?rest_route=\/wp\/v2\/pages"}],"about":[{"href":"https:\/\/www.jcssterraplanagenslda.pt\/index.php?rest_route=\/wp\/v2\/types\/page"}],"author":[{"embeddable":true,"href":"https:\/\/www.jcssterraplanagenslda.pt\/index.php?rest_route=\/wp\/v2\/users\/1"}],"replies":[{"embeddable":true,"href":"https:\/\/www.jcssterraplanagenslda.pt\/index.php?rest_route=%2Fwp%2Fv2%2Fcomments&post=2641"}],"version-history":[{"count":19,"href":"https:\/\/www.jcssterraplanagenslda.pt\/index.php?rest_route=\/wp\/v2\/pages\/2641\/revisions"}],"predecessor-version":[{"id":3356,"href":"https:\/\/www.jcssterraplanagenslda.pt\/index.php?rest_route=\/wp\/v2\/pages\/2641\/revisions\/3356"}],"wp:featuredmedia":[{"embeddable":true,"href":"https:\/\/www.jcssterraplanagenslda.pt\/index.php?rest_route=\/wp\/v2\/media\/3354"}],"wp:attachment":[{"href":"https:\/\/www.jcssterraplanagenslda.pt\/index.php?rest_route=%2Fwp%2Fv2%2Fmedia&parent=2641"}],"wp:term":[{"taxonomy":"post_tag","embeddable":true,"href":"https:\/\/www.jcssterraplanagenslda.pt\/index.php?rest_route=%2Fwp%2Fv2%2Ftags&post=2641"}],"curies":[{"name":"wp","href":"https:\/\/api.w.org\/{rel}","templated":true}]}}