{"id":2492,"date":"2016-11-16T00:45:27","date_gmt":"2016-11-15T23:45:27","guid":{"rendered":"http:\/\/www.jcssterraplanagenslda.pt\/?page_id=2492"},"modified":"2016-12-14T02:12:34","modified_gmt":"2016-12-14T01:12:34","slug":"polis-vai-requalificar-praia-norte-no-novo-parque-urbano-de-viana-do-castelo","status":"publish","type":"page","link":"https:\/\/www.jcssterraplanagenslda.pt\/?page_id=2492","title":{"rendered":"Polis vai requalificar Praia Norte no novo Parque Urbano de Viana do Castelo"},"content":{"rendered":"<h3><\/h3>\n<h3>Polis vai requalificar Praia Norte no novo Parque Urbano de Viana do Castelo<\/h3>\n<div class=\"su-row\"><div class=\"su-column su-column-size-3-5\"><div class=\"su-column-inner su-u-clearfix su-u-trim\">\n<p style=\"text-align: justify;\"><span style=\"color: #993300;\"><strong>15 de Novembro de 2016<\/strong><\/span><\/p>\n<p style=\"text-align: justify;\">\u00c9 na Praia Norte que vai nascer muito em breve o novo parque urbano da cidade de Viana do Castelo. O projecto, para o qual est\u00e1 previsto um investimento de 3,5 milh\u00f5es de euros, foi ontem apresentado aos vianenses pelo presidente do munic\u00edpio vianense, Jos\u00e9 Maria Costa, e pelo presidente da ARH Norte &#8211; Ag\u00eancia Portuguesa do Ambiente, Pimenta Machado. As obras arrancam j\u00e1 no pr\u00f3ximo m\u00eas de Mar\u00e7o.<\/p>\n<p style=\"text-align: justify;\">O projecto est\u00e1 inclu\u00eddo nas interven\u00e7\u00f5es do Programa Polis Litoral Norte e prev\u00ea duas fases, que decorrer\u00e3o em simult\u00e2neo, assentando na defesa costeira e protec\u00e7\u00e3o de pessoas e bens na frente mar\u00edtima da Praia Norte e a respectiva requalifica\u00e7\u00e3o de toda esta frente mar\u00edtima.<\/p>\n<p style=\"text-align: justify;\">Apresentado pelo gabinete de arquitectura, o projecto previsto para a Praia Norte prev\u00ea quatro grandes pra\u00e7as: a Pra\u00e7a da Cultura (que inclui um anfiteatro e um novo restaurante panor\u00e2mico), uma Pra\u00e7a de Praia e do Conhecimento (com novas infraestruturas para uma biblioteca e de apoio \u00e0 investiga\u00e7\u00e3o, onde est\u00e1 inclu\u00edda uma grande \u2018caixa de areia\u2019), uma Pra\u00e7a do Desporto (com um edif\u00edcio de apoio \u00e0 actividade desportiva) e uma Pra\u00e7a de Lazer e Bem-Estar (de apoio \u00e0 praia, onde est\u00e1 prevista uma estrutura destinada a terapias com algas e a banhos e massagens, em mem\u00f3ria da praia medicinal que ali existiu).<\/p>\n<p style=\"text-align: justify;\">O projecto de requalifica\u00e7\u00e3o da Praia Norte contempla, ainda, um parque de estacionamento com capacidade para 152 lugares e uma zona de lazer e merendas junto da capela de S. Pedro.<\/p>\n<p style=\"text-align: justify;\">Apesar de algumas vozes cr\u00edticas quanto ao projecto apresentado, o autarca Jos\u00e9 Maria Costa defende que \u201ceste \u00e9 um projecto que vai de encontro ao que quer\u00edamos para a Praia Norte, com equipamentos multigeracionais e que ir\u00e3o torn\u00e1-la num espa\u00e7o muito mais atractivo para quem a costuma usufruir e atraindo tamb\u00e9m novos p\u00fablicos e visitantes\u201d.<\/p>\n<p style=\"text-align: justify;\">O presidente da C\u00e2mara Municipal de Viana do Castelo confessou que \u201ceste n\u00e3o foi um projecto f\u00e1cil\u201d, mas garantiu que o grande objectivo \u00e9 fazer da Praia Norte um novo parque urbano da cidade, do qual todos possam usufruir. \u201cGostaria que os vianenses ficassem sossegados quanto \u00e0 efic\u00e1cia deste projecto\u201d, frisou, indicando que \u201cas sugest\u00f5es e cr\u00edticas n\u00e3o v\u00e3o cair em saco roto\u201d.<\/p>\n<p style=\"text-align: justify;\">Fonte:\u00a0CORREIO DO MINHO<\/p>\n<\/div><\/div><div class=\"su-column su-column-size-2-5\"><div class=\"su-column-inner su-u-clearfix su-u-trim\">[URIS id=2493]\n<p>&nbsp;<\/p>\n\n<\/div><\/div><\/div>\n","protected":false},"excerpt":{"rendered":"<p>\u00c9 na Praia Norte que vai nascer muito em breve o novo parque urbano da cidade de Viana do Castelo. O projecto, para o qual est\u00e1 previsto um investimento de 3,5 milh\u00f5es de euros, foi ontem apresentado aos vianenses pelo presidente do munic\u00edpio vianense, Jos\u00e9 Maria Costa, e pelo presidente da ARH Norte &#8211; Ag\u00eancia Portuguesa do Ambiente, Pimenta Machado. As obras arrancam j\u00e1 no pr\u00f3ximo m\u00eas de Mar\u00e7o.<\/p>\n","protected":false},"author":1,"featured_media":2494,"parent":0,"menu_order":0,"comment_status":"closed","ping_status":"closed","template":"","meta":{"footnotes":""},"tags":[81],"class_list":["post-2492","page","type-page","status-publish","has-post-thumbnail","hentry","tag-q"],"aioseo_notices":[],"_links":{"self":[{"href":"https:\/\/www.jcssterraplanagenslda.pt\/index.php?rest_route=\/wp\/v2\/pages\/2492","targetHints":{"allow":["GET"]}}],"collection":[{"href":"https:\/\/www.jcssterraplanagenslda.pt\/index.php?rest_route=\/wp\/v2\/pages"}],"about":[{"href":"https:\/\/www.jcssterraplanagenslda.pt\/index.php?rest_route=\/wp\/v2\/types\/page"}],"author":[{"embeddable":true,"href":"https:\/\/www.jcssterraplanagenslda.pt\/index.php?rest_route=\/wp\/v2\/users\/1"}],"replies":[{"embeddable":true,"href":"https:\/\/www.jcssterraplanagenslda.pt\/index.php?rest_route=%2Fwp%2Fv2%2Fcomments&post=2492"}],"version-history":[{"count":5,"href":"https:\/\/www.jcssterraplanagenslda.pt\/index.php?rest_route=\/wp\/v2\/pages\/2492\/revisions"}],"predecessor-version":[{"id":2502,"href":"https:\/\/www.jcssterraplanagenslda.pt\/index.php?rest_route=\/wp\/v2\/pages\/2492\/revisions\/2502"}],"wp:featuredmedia":[{"embeddable":true,"href":"https:\/\/www.jcssterraplanagenslda.pt\/index.php?rest_route=\/wp\/v2\/media\/2494"}],"wp:attachment":[{"href":"https:\/\/www.jcssterraplanagenslda.pt\/index.php?rest_route=%2Fwp%2Fv2%2Fmedia&parent=2492"}],"wp:term":[{"taxonomy":"post_tag","embeddable":true,"href":"https:\/\/www.jcssterraplanagenslda.pt\/index.php?rest_route=%2Fwp%2Fv2%2Ftags&post=2492"}],"curies":[{"name":"wp","href":"https:\/\/api.w.org\/{rel}","templated":true}]}}