{"id":2213,"date":"2016-03-11T00:00:25","date_gmt":"2016-03-10T23:00:25","guid":{"rendered":"http:\/\/www.jcssterraplanagenslda.pt\/?page_id=2213"},"modified":"2016-03-18T14:04:29","modified_gmt":"2016-03-18T13:04:29","slug":"camara-de-guimaraes-comecou-a-demolir-edificio-para-construir-nova-rua","status":"publish","type":"page","link":"https:\/\/www.jcssterraplanagenslda.pt\/?page_id=2213","title":{"rendered":"C\u00e2mara de Guimar\u00e3es come\u00e7ou a demolir edif\u00edcio para construir nova rua"},"content":{"rendered":"<h3><\/h3>\n<h3>C\u00e2mara de Guimar\u00e3es come\u00e7ou a demolir edif\u00edcio para construir nova rua<\/h3>\n<div class=\"su-row\"><div class=\"su-column su-column-size-3-5\"><div class=\"su-column-inner su-u-clearfix su-u-trim\">\n<p style=\"text-align: justify;\"><span style=\"color: #993300;\"><strong>11 de Mar\u00e7o de 2016<\/strong><\/span><\/p>\n<p style=\"text-align: justify;\">A C\u00e2mara Municipal de Guimar\u00e3es iniciou esta sexta-feira, 11 de mar\u00e7o, o processo de demoli\u00e7\u00e3o de um edif\u00edcio para a constru\u00e7\u00e3o de uma rua que vai ligar o Parque das Hortas e a Rua Dr. Jos\u00e9 Sampaio. O outro acesso far\u00e1 a liga\u00e7\u00e3o do Parque das Hortas ao Largo Conde Arnoso, no Largo Rep\u00fablica do Brasil, mais conhecido por Campo da Feira.<\/p>\n<p style=\"text-align: justify;\">Para a constru\u00e7\u00e3o dos novos arruamentos, ter\u00e3o que ser demolidos os edif\u00edcios existentes nos seus alinhamentos e deslocalizados dois postos de transforma\u00e7\u00e3o da EDP. Al\u00e9m da instala\u00e7\u00e3o de novas infraestruturas, ser\u00e1 efetuada a pavimenta\u00e7\u00e3o da via, constru\u00e7\u00e3o de passeios e arranjo urban\u00edstico nas \u00e1reas envolventes.<\/p>\n<p style=\"text-align: justify;\">O Largo das Hortas ser\u00e1 requalificado urbanisticamente e funcionalmente, englobando a substitui\u00e7\u00e3o dos pavimentos existentes, a reorganiza\u00e7\u00e3o dos espa\u00e7os para estacionamento, a planta\u00e7\u00e3o de \u00e1rvores e a modela\u00e7\u00e3o de espa\u00e7os verdes. O estacionamento nas Hortas estar\u00e1 temporariamente impossibilitado, sendo numa primeira fase limitado o estacionamento a cerca de metade da sua \u00e1rea para a execu\u00e7\u00e3o dos trabalhos previstos no arruamento existente no local. Conclu\u00eddo esse trabalho, iniciar-se-\u00e1 a interven\u00e7\u00e3o na \u00e1rea do Parque das Hortas, ficando nesse momento impossibilitado por completo at\u00e9 \u00e0 conclus\u00e3o da obra.<\/p>\n<p><iframe loading=\"lazy\" width=\"720\" height=\"405\" src=\"https:\/\/www.youtube.com\/embed\/jzHjMxBnU48?feature=oembed\" frameborder=\"0\" allowfullscreen><\/iframe><\/p>\n<p style=\"text-align: justify;\">Fonte:\u00a0GUIMAR\u00c3ES\u00a0TV<\/p>\n<hr \/>\n<p><iframe loading=\"lazy\" width=\"720\" height=\"405\" src=\"https:\/\/www.youtube.com\/embed\/q0qGYq0gk1Q?feature=oembed\" frameborder=\"0\" allowfullscreen><\/iframe><\/p>\n<p style=\"text-align: justify;\">Fonte:\u00a0GUIMAR\u00c3ES DIGITAL<\/p>\n<\/div><\/div><div class=\"su-column su-column-size-2-5\"><div class=\"su-column-inner su-u-clearfix su-u-trim\">\n\n<\/div><\/div><\/div>\n","protected":false},"excerpt":{"rendered":"<p>A C\u00e2mara Municipal de Guimar\u00e3es iniciou esta sexta-feira, 11 de mar\u00e7o, o processo de demoli\u00e7\u00e3o de um edif\u00edcio para a constru\u00e7\u00e3o de uma rua que vai ligar o Parque das Hortas e a Rua Dr. Jos\u00e9 Sampaio. O outro acesso far\u00e1 a liga\u00e7\u00e3o do Parque das Hortas ao Largo Conde Arnoso, no Largo Rep\u00fablica do Brasil, mais conhecido por Campo da Feira.<\/p>\n","protected":false},"author":1,"featured_media":2214,"parent":0,"menu_order":0,"comment_status":"closed","ping_status":"closed","template":"","meta":{"footnotes":""},"tags":[81],"class_list":["post-2213","page","type-page","status-publish","has-post-thumbnail","hentry","tag-q"],"aioseo_notices":[],"_links":{"self":[{"href":"https:\/\/www.jcssterraplanagenslda.pt\/index.php?rest_route=\/wp\/v2\/pages\/2213","targetHints":{"allow":["GET"]}}],"collection":[{"href":"https:\/\/www.jcssterraplanagenslda.pt\/index.php?rest_route=\/wp\/v2\/pages"}],"about":[{"href":"https:\/\/www.jcssterraplanagenslda.pt\/index.php?rest_route=\/wp\/v2\/types\/page"}],"author":[{"embeddable":true,"href":"https:\/\/www.jcssterraplanagenslda.pt\/index.php?rest_route=\/wp\/v2\/users\/1"}],"replies":[{"embeddable":true,"href":"https:\/\/www.jcssterraplanagenslda.pt\/index.php?rest_route=%2Fwp%2Fv2%2Fcomments&post=2213"}],"version-history":[{"count":7,"href":"https:\/\/www.jcssterraplanagenslda.pt\/index.php?rest_route=\/wp\/v2\/pages\/2213\/revisions"}],"predecessor-version":[{"id":2285,"href":"https:\/\/www.jcssterraplanagenslda.pt\/index.php?rest_route=\/wp\/v2\/pages\/2213\/revisions\/2285"}],"wp:featuredmedia":[{"embeddable":true,"href":"https:\/\/www.jcssterraplanagenslda.pt\/index.php?rest_route=\/wp\/v2\/media\/2214"}],"wp:attachment":[{"href":"https:\/\/www.jcssterraplanagenslda.pt\/index.php?rest_route=%2Fwp%2Fv2%2Fmedia&parent=2213"}],"wp:term":[{"taxonomy":"post_tag","embeddable":true,"href":"https:\/\/www.jcssterraplanagenslda.pt\/index.php?rest_route=%2Fwp%2Fv2%2Ftags&post=2213"}],"curies":[{"name":"wp","href":"https:\/\/api.w.org\/{rel}","templated":true}]}}