{"id":1752,"date":"2015-05-21T12:34:18","date_gmt":"2015-05-21T11:34:18","guid":{"rendered":"http:\/\/www.jcssterraplanagenslda.pt\/?page_id=1752"},"modified":"2015-05-26T18:02:28","modified_gmt":"2015-05-26T17:02:28","slug":"reparacao-do-acude-no-rio-ave","status":"publish","type":"page","link":"https:\/\/www.jcssterraplanagenslda.pt\/?page_id=1752","title":{"rendered":"Repara\u00e7\u00e3o do a\u00e7ude no rio Ave"},"content":{"rendered":"<h3><\/h3>\n<h3>Repara\u00e7\u00e3o do a\u00e7ude no rio Ave<\/h3>\n<div class=\"su-row\"><div class=\"su-column su-column-size-3-5\"><div class=\"su-column-inner su-u-clearfix su-u-trim\">\n<p style=\"text-align: justify;\"><span style=\"color: #993300;\"><strong>20 de Abril de 2015<\/strong><\/span><\/p>\n<p>H\u00e1 muito reclamada pela C\u00e2mara Municipal, foi no passado dia 20 de mar\u00e7o, consignada a obra de repara\u00e7\u00e3o do a\u00e7ude no rio Ave, junto \u00e0 azenha de Azurara.<\/p>\n<p>Contudo, as obras s\u00f3 ser\u00e3o iniciadas quando o caudal do rio o permitir, j\u00e1 que para a repara\u00e7\u00e3o projetada imp\u00f5e-se a constru\u00e7\u00e3o de uma ensecadeira a montante do a\u00e7ude ligando as margens de Vila do Conde e Azurara, indispens\u00e1vel para a execu\u00e7\u00e3o dos trabalhos e tal s\u00f3 ser\u00e1 poss\u00edvel em per\u00edodo de estio.<\/p>\n<p>Com um prazo de execu\u00e7\u00e3o de 100 dias e o valor aproximado de 320 mil euros, esta interven\u00e7\u00e3o devolver\u00e1 o n\u00edvel das \u00e1guas na bacia a montante do a\u00e7ude, indispens\u00e1vel para a manuten\u00e7\u00e3o da fauna e da flora, bem como para a utiliza\u00e7\u00e3o do espelho de \u00e1gua, e imprescind\u00edvel para a estabiliza\u00e7\u00e3o de caudais e da seguran\u00e7a a jusante da represa.<\/p>\n<p style=\"text-align: justify;\">Fonte:\u00a0C. M. Vila do Conde<\/p>\n<\/div><\/div><div class=\"su-column su-column-size-2-5\"><div class=\"su-column-inner su-u-clearfix su-u-trim\">[URIS id=1754]\n\n<\/div><\/div><\/div>\n","protected":false},"excerpt":{"rendered":"<p>H\u00e1 muito reclamada pela C\u00e2mara Municipal, foi no passado dia 20 de mar\u00e7o, consignada a obra de repara\u00e7\u00e3o do a\u00e7ude no rio Ave, junto \u00e0 azenha de Azurara.<\/p>\n","protected":false},"author":1,"featured_media":1756,"parent":0,"menu_order":0,"comment_status":"closed","ping_status":"closed","template":"","meta":{"footnotes":""},"tags":[81],"class_list":["post-1752","page","type-page","status-publish","has-post-thumbnail","hentry","tag-q"],"aioseo_notices":[],"_links":{"self":[{"href":"https:\/\/www.jcssterraplanagenslda.pt\/index.php?rest_route=\/wp\/v2\/pages\/1752","targetHints":{"allow":["GET"]}}],"collection":[{"href":"https:\/\/www.jcssterraplanagenslda.pt\/index.php?rest_route=\/wp\/v2\/pages"}],"about":[{"href":"https:\/\/www.jcssterraplanagenslda.pt\/index.php?rest_route=\/wp\/v2\/types\/page"}],"author":[{"embeddable":true,"href":"https:\/\/www.jcssterraplanagenslda.pt\/index.php?rest_route=\/wp\/v2\/users\/1"}],"replies":[{"embeddable":true,"href":"https:\/\/www.jcssterraplanagenslda.pt\/index.php?rest_route=%2Fwp%2Fv2%2Fcomments&post=1752"}],"version-history":[{"count":4,"href":"https:\/\/www.jcssterraplanagenslda.pt\/index.php?rest_route=\/wp\/v2\/pages\/1752\/revisions"}],"predecessor-version":[{"id":1850,"href":"https:\/\/www.jcssterraplanagenslda.pt\/index.php?rest_route=\/wp\/v2\/pages\/1752\/revisions\/1850"}],"wp:featuredmedia":[{"embeddable":true,"href":"https:\/\/www.jcssterraplanagenslda.pt\/index.php?rest_route=\/wp\/v2\/media\/1756"}],"wp:attachment":[{"href":"https:\/\/www.jcssterraplanagenslda.pt\/index.php?rest_route=%2Fwp%2Fv2%2Fmedia&parent=1752"}],"wp:term":[{"taxonomy":"post_tag","embeddable":true,"href":"https:\/\/www.jcssterraplanagenslda.pt\/index.php?rest_route=%2Fwp%2Fv2%2Ftags&post=1752"}],"curies":[{"name":"wp","href":"https:\/\/api.w.org\/{rel}","templated":true}]}}