{"id":3389,"date":"2022-04-06T14:01:20","date_gmt":"2022-04-06T13:01:20","guid":{"rendered":"http:\/\/www.jcssterraplanagenslda.pt\/?page_id=3389"},"modified":"2022-04-07T14:09:45","modified_gmt":"2022-04-07T13:09:45","slug":"jcss-no-top-10-setores-vias-transporte-e-redes-saneamento-edicao-2021","status":"publish","type":"page","link":"http:\/\/www.jcssterraplanagenslda.pt\/?page_id=3389","title":{"rendered":"JCSS no TOP 10+ SETORES &#8211; VIAS TRANSPORTE E REDES SANEAMENTO \/ Edi\u00e7\u00e3o 2021"},"content":{"rendered":"<div class=\"su-row\"><div class=\"su-column su-column-size-1-2\"><div class=\"su-column-inner su-u-clearfix su-u-trim\">\n<p>&nbsp;<\/p>\n<p><strong>JCSS no TOP 10+ SETORES &#8211; VIAS TRANSPORTE E REDES SANEAMENTO \/ Edi\u00e7\u00e3o 2021<\/strong><\/p>\n<p>NOVA CERTIFICA\u00c7\u00c3O:<\/p>\n<p style=\"text-align: justify;\">\u00c9 com enorme orgulho que recebemos a not\u00edcia da renova\u00e7\u00e3o da Certifica\u00e7\u00e3o atribu\u00edda pela SCORING de que a JCSS \u00e9 uma das empresas TOP 10+ SETORES &#8211; VIAS TRANSPORTE E REDES SANEAMENTO \/ Edi\u00e7\u00e3o 2021.<\/p>\n<p>Obrigado a todos.<br \/>\nJuntos continuamos ainda mais fortes!<\/p>\n<\/div><\/div><div class=\"su-column su-column-size-1-2\"><div class=\"su-column-inner su-u-clearfix su-u-trim\">\n<p><img loading=\"lazy\" decoding=\"async\" class=\"alignleft size-full wp-image-3391\" src=\"http:\/\/www.jcssterraplanagenslda.pt\/wp-content\/uploads\/2022\/04\/Scoring_2022.png\" alt=\"\" width=\"649\" height=\"853\" srcset=\"http:\/\/www.jcssterraplanagenslda.pt\/wp-content\/uploads\/2022\/04\/Scoring_2022.png 649w, http:\/\/www.jcssterraplanagenslda.pt\/wp-content\/uploads\/2022\/04\/Scoring_2022-228x300.png 228w\" sizes=\"auto, (max-width: 649px) 100vw, 649px\" \/><\/p>\n<p>&nbsp;<\/p>\n<\/div><\/div><\/div>\n","protected":false},"excerpt":{"rendered":"<p>\u00c9 com enorme orgulho que recebemos a not\u00edcia da renova\u00e7\u00e3o da Certifica\u00e7\u00e3o atribu\u00edda pela SCORING de que a JCSS \u00e9 uma das empresas TOP 10+ SETORES &#8211; VIAS TRANSPORTE E REDES SANEAMENTO \/ Edi\u00e7\u00e3o 2021.<\/p>\n","protected":false},"author":1,"featured_media":3392,"parent":0,"menu_order":0,"comment_status":"closed","ping_status":"closed","template":"","meta":{"footnotes":""},"tags":[93],"class_list":["post-3389","page","type-page","status-publish","has-post-thumbnail","hentry","tag-j"],"aioseo_notices":[],"_links":{"self":[{"href":"http:\/\/www.jcssterraplanagenslda.pt\/index.php?rest_route=\/wp\/v2\/pages\/3389","targetHints":{"allow":["GET"]}}],"collection":[{"href":"http:\/\/www.jcssterraplanagenslda.pt\/index.php?rest_route=\/wp\/v2\/pages"}],"about":[{"href":"http:\/\/www.jcssterraplanagenslda.pt\/index.php?rest_route=\/wp\/v2\/types\/page"}],"author":[{"embeddable":true,"href":"http:\/\/www.jcssterraplanagenslda.pt\/index.php?rest_route=\/wp\/v2\/users\/1"}],"replies":[{"embeddable":true,"href":"http:\/\/www.jcssterraplanagenslda.pt\/index.php?rest_route=%2Fwp%2Fv2%2Fcomments&post=3389"}],"version-history":[{"count":1,"href":"http:\/\/www.jcssterraplanagenslda.pt\/index.php?rest_route=\/wp\/v2\/pages\/3389\/revisions"}],"predecessor-version":[{"id":3393,"href":"http:\/\/www.jcssterraplanagenslda.pt\/index.php?rest_route=\/wp\/v2\/pages\/3389\/revisions\/3393"}],"wp:featuredmedia":[{"embeddable":true,"href":"http:\/\/www.jcssterraplanagenslda.pt\/index.php?rest_route=\/wp\/v2\/media\/3392"}],"wp:attachment":[{"href":"http:\/\/www.jcssterraplanagenslda.pt\/index.php?rest_route=%2Fwp%2Fv2%2Fmedia&parent=3389"}],"wp:term":[{"taxonomy":"post_tag","embeddable":true,"href":"http:\/\/www.jcssterraplanagenslda.pt\/index.php?rest_route=%2Fwp%2Fv2%2Ftags&post=3389"}],"curies":[{"name":"wp","href":"https:\/\/api.w.org\/{rel}","templated":true}]}}