{"id":3335,"date":"2022-01-04T00:23:50","date_gmt":"2022-01-03T23:23:50","guid":{"rendered":"http:\/\/www.jcssterraplanagenslda.pt\/?page_id=3335"},"modified":"2022-01-05T01:05:27","modified_gmt":"2022-01-05T00:05:27","slug":"cliente-aplauso-2022","status":"publish","type":"page","link":"http:\/\/www.jcssterraplanagenslda.pt\/?page_id=3335","title":{"rendered":"Cliente Aplauso 2022"},"content":{"rendered":"<h3><\/h3>\n<h3>Cliente Aplauso 2022<\/h3>\n<div class=\"su-row\"><div class=\"su-column su-column-size-1-2\"><div class=\"su-column-inner su-u-clearfix su-u-trim\">\n<p style=\"text-align: justify;\"><span style=\"color: #993300;\"><strong>3 de Janeiro de 2022<\/strong><\/span><\/p>\n<p style=\"text-align: justify;\">Em 2022 voltamos a ser premiados com o estatuto de \u201cCLIENTE APLAUSO\u201d atribu\u00eddo pelo Millennium BCP.<\/p>\n<p style=\"text-align: justify;\">&#8220;Ser Aplauso Empresas, \u00e9 ter acesso a um conjunto de benef\u00edcios e parcerias \u00fanicas e exclusivas, que simbolizam o compromisso e aposta do Millennium para com os seus melhores Clientes Empresariais&#8221;<\/p>\n<p style=\"text-align: justify;\">Aplaudimos os empreendedores portugueses!<br \/>\n<\/div><\/div> <div class=\"su-column su-column-size-1-2\"><div class=\"su-column-inner su-u-clearfix su-u-trim\"><span style=\"color: #993300;\"><strong><img loading=\"lazy\" decoding=\"async\" class=\"alignleft size-full wp-image-3332\" src=\"http:\/\/www.jcssterraplanagenslda.pt\/wp-content\/uploads\/2022\/01\/unnamed.jpg\" alt=\"\" width=\"650\" height=\"532\" srcset=\"http:\/\/www.jcssterraplanagenslda.pt\/wp-content\/uploads\/2022\/01\/unnamed.jpg 650w, http:\/\/www.jcssterraplanagenslda.pt\/wp-content\/uploads\/2022\/01\/unnamed-300x246.jpg 300w\" sizes=\"auto, (max-width: 650px) 100vw, 650px\" \/><\/strong><\/span><br \/>\n<\/div><\/div><\/div>\n","protected":false},"excerpt":{"rendered":"<p>Em 2021 voltamos a ser premiados com o estatuto de \u201cCLIENTE APLAUSO\u201d atribu\u00eddo pelo Millennium BCP.<\/p>\n","protected":false},"author":1,"featured_media":3333,"parent":0,"menu_order":0,"comment_status":"closed","ping_status":"closed","template":"","meta":{"footnotes":""},"tags":[93],"class_list":["post-3335","page","type-page","status-publish","has-post-thumbnail","hentry","tag-j"],"aioseo_notices":[],"_links":{"self":[{"href":"http:\/\/www.jcssterraplanagenslda.pt\/index.php?rest_route=\/wp\/v2\/pages\/3335","targetHints":{"allow":["GET"]}}],"collection":[{"href":"http:\/\/www.jcssterraplanagenslda.pt\/index.php?rest_route=\/wp\/v2\/pages"}],"about":[{"href":"http:\/\/www.jcssterraplanagenslda.pt\/index.php?rest_route=\/wp\/v2\/types\/page"}],"author":[{"embeddable":true,"href":"http:\/\/www.jcssterraplanagenslda.pt\/index.php?rest_route=\/wp\/v2\/users\/1"}],"replies":[{"embeddable":true,"href":"http:\/\/www.jcssterraplanagenslda.pt\/index.php?rest_route=%2Fwp%2Fv2%2Fcomments&post=3335"}],"version-history":[{"count":3,"href":"http:\/\/www.jcssterraplanagenslda.pt\/index.php?rest_route=\/wp\/v2\/pages\/3335\/revisions"}],"predecessor-version":[{"id":3341,"href":"http:\/\/www.jcssterraplanagenslda.pt\/index.php?rest_route=\/wp\/v2\/pages\/3335\/revisions\/3341"}],"wp:featuredmedia":[{"embeddable":true,"href":"http:\/\/www.jcssterraplanagenslda.pt\/index.php?rest_route=\/wp\/v2\/media\/3333"}],"wp:attachment":[{"href":"http:\/\/www.jcssterraplanagenslda.pt\/index.php?rest_route=%2Fwp%2Fv2%2Fmedia&parent=3335"}],"wp:term":[{"taxonomy":"post_tag","embeddable":true,"href":"http:\/\/www.jcssterraplanagenslda.pt\/index.php?rest_route=%2Fwp%2Fv2%2Ftags&post=3335"}],"curies":[{"name":"wp","href":"https:\/\/api.w.org\/{rel}","templated":true}]}}